)?
3
Let l = 189 - 229. Let u = -6 - -17. What is the remainder when u is divided by (-16)/l - (-1)/(15/69)?
1
Calculate the remainder when ((-337)/26)/(52/104)*-13 is divided by 114.
109
Suppose -20*g = -6*g - 28. Suppose 0 = 5*u - r - 166, 14*r - 61 = -g*u + 9*r. Calculate the remainder when 326 is divided by u.
29
Suppose 8 - 3 = -5*d. Let q be (d - -2)/(5 + 5676/(-1134)). Let p = 276 + q. What is the remainder when p is divided by 9?
6
Let s be ((-11)/(-2))/((-2)/(-4)). Suppose 2*n - s = -3. Suppose 6 = -n*k + 30. Calculate the remainder when k is divided by 5.
1
Let q be 3/6*(0 - 0). Suppose q = -h + 4*h - 30. What is the remainder when h is divided by (-9)/(-7) - 8448/(-1792)?
4
Suppose 0 = 7*w - 5*w - 326. What is the remainder when w is divided by 2*(41/82)/((-1)/(-11))?
9
Suppose 4*d + 5*w - 847 = 0, 13*d - 10*d - 3*w = 642. Calculate the remainder when d is divided by 7.
3
Suppose 21649 = 5*w + 3*z, 0 = -3*w - z + 7971 + 5024. What is the remainder when w is divided by 720?
14
Let v = -126 + -97. Let d be ((-12)/5)/(v/45 + 5). Let p = 57 + d. Calculate the remainder when 6 is divided by p.
0
Let v(h) = -2*h**3 - h**2 + 4*h. Let w be v(-3). Let o = 37 - w. Suppose 0 = 3*m - 0*m - o*x - 194, m = -x + 67. What is the remainder when m is divided by 17?
15
What is the remainder when 274 is divided by ((-28)/(-10))/2*55?
43
Suppose -11*c - p - 11 = -8*c, -2*p = -c - 6. Suppose -q + 6*q = 65. What is the remainder when c/8*(12 - 188) is divided by q?
10
Suppose 150*y + 4270 = 92920. Calculate the remainder when 598 is divided by y.
7
Let u = -15443 - -15799. Calculate the remainder when u is divided by 69.
11
Suppose 342 = 2*b - c, 2*c = 3*b + 202 - 718. Calculate the remainder when b is divided by 87.
81
Suppose 1 = 10*h - 29. Suppose -5*x + 5*k + 215 = 85, h*x = -4*k + 106. What is the remainder when (-6*1)/((-3)/58) is divided by x?
26
Suppose 0 = -8*g - 5*m + 55, 0 = -4*m - 2 + 14. Let h be (2 + -6)/((-2)/5). Let r = h - 2. Calculate the remainder when r is divided by g.
3
Let r(k) = -82*k + 802. What is the remainder when r(4) is divided by 4?
2
Let v be (-3492)/(-38) - (-1)/(-19)*-2. Let k = v + -85. What is the remainder when 88 is divided by k?
4
Suppose -9*m + 12*m = -588. Let i = -130 - m. Calculate the remainder when i is divided by 10.
6
Suppose -2*r - 3*d - 16 = -19, r - 5*d + 5 = 0. Suppose r = 2*u - 4*g - 366, 356 = 5*u - 2*g - 527. What is the remainder when u is divided by 9?
4
Suppose 13*c - 478 + 153 = 0. Calculate the remainder when c is divided by (-680)/(-30) + (-1)/(-3).
2
Let q(t) = -t**3 + 8*t**2 + 35*t - 19. Let f be q(11). Let b(j) = 3*j**2 - 29*j + 86. Calculate the remainder when 86 is divided by b(f).
8
Suppose 0 = -a - 34*n + 36*n + 5, -3*a + 6 = 3*n. Suppose -2*d - 372 = -4*f, -a*f + 2*d = -100 - 178. What is the remainder when f is divided by 27?
13
Suppose -34*d = -1583 + 5629. Let c = d - -316. Calculate the remainder when c is divided by 51.
44
Suppose -3*h - 146 = -5*w, -90*w + 92*w - 5*h = 66. Suppose -l - 4 = -4*z, 4*l = 2*l + z + 20. Calculate the remainder when w is divided by l.
4
Let u(c) = -6*c + 137*c**2 - 136*c**2 + 14*c + 17. Let q be u(-6). Suppose 63 = q*f - 37. What is the remainder when 98 is divided by f?
18
Suppose 40 = -p - 4*b, -4*p + 5*b = -94 + 296. Let j = p + 100. Let z = -84 + 98. What is the remainder when j is divided by z?
10
Let n(x) = -3*x + 261. What is the remainder when 2027 is divided by n(-48)?
2
Suppose -134*w + 1038 + 825 = -1487. What is the remainder when 181 is divided by w?
6
Let r = 1524 + -2214. Let q = r + 969. Calculate the remainder when q is divided by 40.
39
Let d(w) = -93*w - 976. Calculate the remainder when 702 is divided by d(-11).
44
Let c = -3402 - -4044. Calculate the remainder when c is divided by 46.
44
Let t(a) = 2*a**3 - 65*a**2 + 31*a + 32. Let h be t(32). Suppose h = 5*d - 3*s - 369, 8*d + 3*s + 219 = 11*d. Calculate the remainder when d is divided by 47.
28
Suppose 1823*a + 1818*a - 3626*a - 13755 = 0. Calculate the remainder when a is divided by 319.
279
Let z = -20 - -30. Let w be 2 + -21*(-80)/12. Suppose w = 7*h - 40. What is the remainder when h is divided by z?
6
Suppose 31417 - 29022 = z. What is the remainder when z is divided by 240?
235
Suppose -r = -3*t - 998, -2*t - 1410 = -5*r + 3502. Calculate the remainder when r is divided by 8.
4
Suppose -2*o + 6 = -2*t, -t - o + 0*o = -7. Let n(q) = -t + 7 + 10*q + 2*q**2 + 5. Calculate the remainder when n(-6) is divided by 8.
6
Let i = 4119 - 3508. Calculate the remainder when i is divided by 14.
9
Suppose -6*v = -11*v - 50. Let h(t) = 6*t**2 + 12*t + 10. Let i be h(v). Let b = -344 + i. What is the remainder when b is divided by 37?
35
Let j(u) = 11*u**2 + 11*u - 20 + 4*u - 10*u**2 - 2*u**2. What is the remainder when 98 is divided by j(10)?
8
Let j(v) = -2*v**2 + 14*v + 4. Let s be j(8). Let m be ((-40)/s)/(1/24). Suppose m*d = 85*d - 20. What is the remainder when 6 is divided by d?
2
Suppose -2*n = 7*g - 2*g - 521, -2*n - 4 = 0. Suppose -6*k - 36 = -7*k. Calculate the remainder when g is divided by k.
33
Suppose -17*i - 1760 = -127*i. Calculate the remainder when i is divided by ((-20)/(-6))/(6/9).
1
Let b(x) = x**3 - 2*x**2 - 4*x - 7. Let h be b(4). Let k = h - 7. Let j = 27 - k. What is the remainder when j is divided by 7?
4
Suppose 3*z - 2*r - 694 = 0, -4*z + 8*r + 920 = 4*r. Let d = -3 + 65. Suppose -d*u + z = -56*u. What is the remainder when u is divided by 21?
18
Let k(y) = -2*y**2 + 5*y**3 - 6 + 6*y**2 - y**2. Suppose 24*c = 152 - 104. What is the remainder when k(c) is divided by 18?
10
Let r = -96 + 57. Let l = -26 - r. Let m(g) = -3*g + 2. Calculate the remainder when l is divided by m(-2).
5
Suppose 0 = 5*o - 4*g - 126 - 178, -2*o - 3*g = -94. What is the remainder when o is divided by 52?
4
Let q be ((-108)/48)/(9/(-12)). Suppose 0 = 3*a - 6, -q*g - a + 112 = 4*a. What is the remainder when 51 is divided by g?
17
Let u(s) = -s**3 + 16*s**2 - 11*s - 4. What is the remainder when u(9) is divided by 157?
150
Let a(f) = -2*f**3 + 10*f**2 + 42*f - 86. Calculate the remainder when (-1 + -1 - -34) + 3 is divided by a(7).
11
Let l be 2/(-3) - 717/(-9). Suppose 2*s + 5*r = -3*s + 95, -3*r - l = -5*s. Suppose 12*k + s = 13*k. What is the remainder when k is divided by 6?
5
Suppose 0 = -3*j - 4*f + 607, 2*j + 559 - 967 = -2*f. Calculate the remainder when 995 is divided by j.
159
Let x(b) = b**2 - 7*b + 8. Let j be x(7). Suppose 0 = s + 3*s + j. Calculate the remainder when 124/8 - s - 1/2 is divided by 8.
1
Let w(g) = -10 - 19*g**3 + 18*g**3 - 60*g + 5*g**2 + 73*g. Calculate the remainder when w(6) is divided by 9.
5
What is the remainder when 591 is divided by (-19 - -371)/4 + 9?
9
Let d = 273 + -352. Let c = -2 - d. Calculate the remainder when 461 is divided by c.
76
Suppose 0 = -71*t - 143*t + 9844. Calculate the remainder when t is divided by -3*(2 - (-52)/(-6)).
6
Calculate the remainder when 1074 - 128/(-24)*15/10 is divided by 327.
101
Let x be (-13)/26*(32 + (-2 - -2)). Let z(l) = 4*l**2 + 59*l - 17. What is the remainder when 111 is divided by z(x)?
48
Let t = 19 + -5. Let a = 32 - t. Let j = -19 - -26. Calculate the remainder when a is divided by j.
4
Let h(k) = 4*k**3 + 3*k**2 - 95*k + 1. Calculate the remainder when h(11) is divided by 46.
43
Let c = -6 + 26. Let x(w) = 12 + w**2 - 3176*w + 3184*w + c. What is the remainder when 119 is divided by x(-6)?
19
Let q(f) = 8*f**3 + f**2 + 2*f + 105. What is the remainder when q(0) is divided by 86?
19
Let m be 1/4 + (-49)/(-28). Suppose 3*y - 127 = 6*k - k, m = -k. Let o = 12 + -2. What is the remainder when y is divided by o?
9
Suppose -3*p - 2*r + 15 = 0, 12*p - 15*p + 15 = 4*r. Calculate the remainder when 599 is divided by p.
4
Let t be (-84)/28 - 0/(2/(-2)). Let u be (-62)/(-4) - 2/4. Let y = t + u. What is the remainder when 45 is divided by y?
9
Suppose 2851 = -c + 6*c + u, -5*u = -5. Calculate the remainder when c is divided by 119.
94
What is the remainder when 40 is divided by (3/6)/((-65)/22 + 3)?
7
Let n = -4039 - -4042. What is the remainder when 276 is divided by n?
0
Let l(m) = m**3 - 9*m**2 - 2*m + 85. Let x(w) = 2*w - 6. Calculate the remainder when x(9) is divided by l(8).
2
Suppose -4*l + f = -4392, -4*f